6 - 28*n**2. Calculate the remainder when b is divided by i(7).
12
Let q(c) = -43*c + 2466. What is the remainder when 1730 is divided by q(56)?
48
Let f = -3287 - -3520. Calculate the remainder when f is divided by 119.
114
Let a = 41 + -38. Suppose -4*u = a*b - 244, 282 = 4*u + u - 2*b. Let h = u - 39. Calculate the remainder when 56 is divided by h.
18
Suppose 11*m = 10*m + 3. Suppose -m*a = -3, 0*s - a = -s + 64. Suppose 0 = o - s + 10. Calculate the remainder when o is divided by 14.
13
Suppose -6172 + 1460 = -38*s. Calculate the remainder when 865 is divided by s.
121
Let y(q) = -q**2 + 41*q + 93. Calculate the remainder when 193 is divided by y(43).
4
Let p = -11860 + 11880. Calculate the remainder when 77 is divided by p.
17
Let q = 1863 - 1091. Suppose 2*u + 2*n - 316 = 0, 30*u - 35*u + q = -4*n. What is the remainder when u is divided by 36?
12
Let o = -371 + 631. Let t = o - 4. What is the remainder when t is divided by 37?
34
What is the remainder when (20 - 14 - 3)/(6/796) is divided by 10?
8
Let a be 3*16/18*(-861)/(-28). Calculate the remainder when 320 is divided by 6/(-4) + a/4.
16
Let k = 379 + -648. Let z = k + 390. Let o = -100 + z. Calculate the remainder when 74 is divided by o.
11
Let l be (-3)/(-1) + (37 - 25/5). Suppose -5*x + 5*g = -l, 2*x = 5*x + 4*g - 7. What is the remainder when 23 is divided by x?
3
Let d(b) = -151*b - 1042. Calculate the remainder when (0 - (-71)/4)*4 is divided by d(-7).
11
Suppose -8*q - 612 = -4*c - 4*q, 0 = -5*c - 5*q + 815. Calculate the remainder when c is divided by 24.
14
Let f = -2081 - -2178. What is the remainder when f is divided by 4/(-1) + (-342)/(-6)?
44
Let n(z) = -z**2 + 3*z - 2. Let j be n(2). Suppose -o = -0*o - 3. Suppose j = o*d - 4 - 8. Calculate the remainder when 15 is divided by d.
3
Let m(p) = -3*p**2 - 2*p + 11. Let d be m(-5). Suppose 5*c + 2*c + 497 = 0. Let o = d - c. What is the remainder when 64 is divided by o?
13
Let l(h) = h**2 - 3*h + 6. Let n = -58 + 98. Suppose n*b + 12 = 44*b. Calculate the remainder when l(b) is divided by 2.
0
Let n = -331 + 400. Let r = -46 - -30. Let y = r - -40. What is the remainder when n is divided by y?
21
Suppose -5*i = -d - d + 3444, 0 = -i - 4. Suppose -d + 50 = -6*j. What is the remainder when j is divided by 31?
29
Let u(k) = 9*k + 49. Suppose -40 = y - 34. Let q be u(y). What is the remainder when 63/(q/(-3) - (-1)/(-6)) is divided by 11?
9
What is the remainder when 3 + 144/(-56) - 8130/(-42) is divided by 44?
18
Let x(c) = -c**2 + 16. Let f = -758 - -949. Suppose -200*m + f*m = -711. Calculate the remainder when m is divided by x(0).
15
Let g be ((-32)/(-4))/8*-2*62. Let b be 3 + 3 + 0/(-1). What is the remainder when (-4)/6 - g/b is divided by 11?
9
Let x(w) = 2*w - 32. Let k be x(17). Let j(m) = 6*m**k - 8*m**2 + 0*m**2 + 33*m + 25. What is the remainder when 26 is divided by j(17)?
2
Let t(j) = 22*j + 2. Calculate the remainder when ((-325)/(-260))/((-8)/(-1760)) is divided by t(2).
45
Suppose -4 + 182 = 5*g + 3*o, 4*o - 109 = -3*g. Suppose -r + 3*b + 72 = -79, r - 2*b = 147. What is the remainder when r is divided by g?
34
Let y = 50 - 34. Let h(o) = -5*o - 42. Let g(l) = 1. Let i(f) = 2*g(f) - h(f). Calculate the remainder when y is divided by i(-7).
7
Let z(n) = -n**2 - 6*n. Let f be z(-6). Suppose f = u - 8 - 9. Calculate the remainder when ((-1225)/(-50))/(1/2) is divided by u.
15
Suppose 3*d = -2*w + w - 79, -4*w - 302 = -2*d. Suppose 0 = 3*v - 12, 4*h - 5*v = -397 - 319. Let a = w - h. What is the remainder when a is divided by 20?
18
Suppose -36*f + 290416 = -18*f + 48082. What is the remainder when f is divided by 72?
71
Suppose -11 = -22*x + 253. Calculate the remainder when 281 is divided by x.
5
Let p(k) = 70*k + 378. Let j be (-2)/(10 + 432/(-45)). Let f = 199 - 116. What is the remainder when f is divided by p(j)?
27
Let u = 3574 - 3538. Calculate the remainder when 312 is divided by u.
24
Let w(k) = 4*k**2 - 155*k + 666. Calculate the remainder when 30958 is divided by w(34).
18
Suppose -25*u + 33*u = 16*u - 12744. Calculate the remainder when u is divided by 94.
89
Suppose 0 = -5*p - 25, -107*c + 104*c + 4*p = -4970. Calculate the remainder when c is divided by 30.
0
What is the remainder when 19/57*(-5 + 440) is divided by 55?
35
Let y = 12150 - 11988. Calculate the remainder when 459 is divided by y.
135
Let x = 27720 - 23595. What is the remainder when x is divided by 38?
21
Let q = 3026 + -2984. Calculate the remainder when 182 is divided by q.
14
Let y(q) = -2*q**3 - 4*q**2 + 26*q + 23. Suppose -3*l - 54 = -4*l + 5*w, -w = -3*l + 232. Calculate the remainder when y(-6) is divided by l.
76
Suppose -205 = -5*s - 0*s. What is the remainder when ((-52)/18 + -4 - -8) + (-148092)/(-756) is divided by s?
33
Suppose 4 + 3 = t + x, 0 = t - 5*x - 1. Calculate the remainder when 148 is divided by 12/(t - 468/81).
40
Suppose 289*l + 1040 = 329*l. Let k(m) = -m**3 + 14*m**2 - 11*m + 42. Calculate the remainder when k(11) is divided by l.
24
Let s(i) = 7 - i + 9 + 9 + 33. Calculate the remainder when 249 is divided by s(8).
49
Let v = 5248 - 3941. What is the remainder when v is divided by 69?
65
Suppose -4*t - 35 + 107 = 0. Let p = 120 + -103. Suppose p*j = 26*j - 945. Calculate the remainder when j is divided by t.
15
Let p be (-6)/4*(-28)/6. Let t(h) = -h**2 + 5*h + 14. Let w be t(p). Suppose -2 + 14 = 4*f, -b - 3*f + 33 = w. Calculate the remainder when 71 is divided by b.
23
Let o be 218/(-4) + 2/4. Let k(c) = 21*c + 40. Let a be k(-6). Let d = o - a. Calculate the remainder when d is divided by 7.
4
Suppose 188447 = 411*c - 120625. Calculate the remainder when c is divided by 92.
16
Let c(x) = -59*x**2 - 3304*x + 30. Calculate the remainder when 2337 is divided by c(-56).
27
Let s = -226 + 65. Let w = 162 - s. What is the remainder when w is divided by 25?
23
Suppose -2*h - 5*g = -5*h + 96, 128 = 4*h - 5*g. Suppose -5055*m = -5045*m - 1230. Calculate the remainder when m is divided by h.
27
Let i(y) = -y**3 - 47*y**2 - 132*y + 49. Calculate the remainder when 151 is divided by i(-44).
4
Let a = 409 + -382. Calculate the remainder when a is divided by 10.
7
Let v = 19 + -9. Suppose 0 = 4*a, 2*x - 3*a = x - v. Let u = x + 22. What is the remainder when u is divided by 7?
5
Let u(f) = 2*f**2 + 17*f + 56. Suppose 9*m - 16 = 11*m. What is the remainder when 146 is divided by u(m)?
2
Let k(g) = 107*g**2 - 3*g + 2. What is the remainder when k(-3) is divided by 486?
2
Let g = -122 + 288. Calculate the remainder when g is divided by ((-20)/(-1))/((-16)/(-32)) + (-6)/(-3).
40
Let j(x) = -x**2 + 25*x - 131. Let i be j(18). Let t(n) = 9*n**2 + 39*n - 17. What is the remainder when 62 is divided by t(i)?
10
Suppose -4*o = g - 5, 5*g + 33 = o + 121. Suppose -39 = 14*r - g*r. Suppose 0 = -4*a - 4*c, -2*c - 3 - 2 = a. What is the remainder when r is divided by a?
3
Let m = 6836 + -6660. What is the remainder when m is divided by 61?
54
Let d = -105 - -119. Let w = -381 + 404. What is the remainder when w is divided by d?
9
Let k be 30714/54*-1 - (-6)/(-27). Let n = -340 - k. What is the remainder when n is divided by 8?
5
Suppose 0 = 13*b - 53*b + 7960. Suppose -3*g + 135 = 3*s, -5*g - 4*s + b = -30. Let o(c) = -c**2 - 10*c - 7. Calculate the remainder when g is divided by o(-6).
15
Suppose 3*s = 3*l - 6, l - 3*s - 2 = -0*s. Suppose -7 = -l*j + j. Calculate the remainder when 45 is divided by j.
3
Suppose 0 = 4*y - 4, k + 5*y = -0*y - 6. Let d = 4 - k. Let t(w) = -w**2 + 23*w - 63. What is the remainder when t(5) is divided by d?
12
Calculate the remainder when 620 is divided by (-2)/(22/((-34342)/21)*(-4)/(-6)).
174
Suppose 0 = -54*f - 78*f + 44088. What is the remainder when f is divided by 14?
12
What is the remainder when 218 is divided by (6/(-27) + 259/(-252))/((-10)/680)?
48
Suppose -439*z + 436*z + 913 = -2*p, -3*z + 929 = -4*p. Calculate the remainder when z is divided by 155.
144
Suppose -v + 39 = -2*v. Let b = -2888 - -2810. What is the remainder when 26 is divided by 12/b + (-552)/v?
12
Let j(r) = -r**3 + 9*r**2 + 30*r - 14. Let a be j(12). What is the remainder when 827 is divided by (168/(-7))/8 - a?
80
Calculate the remainder when 27/108 + 3042/8 + (-10)/20 is divided by 16.
12
Let p = 9833 - 9802. Let 